(base 9) in base 3?
202010201
33233 (base 4) to base 10
1007
What is 8e2 (base 15) in base 14?
a3a
Convert -1340 (base 5) to base 16.
-dc
What is a74 (base 14) in base 11?
1605
Convert 4075 (base 11) to base 9.
7366
Convert -ca (base 13) to base 11.
-141
What is -61 (base 16) in base 6?
-241
6074 (base 8) to base 2
110000111100
-20dc (base 14) to base 7
-22365
6a8 (base 16) to base 10
1704
What is 18668 (base 9) in base 13?
5b76
What is 101000001011101 (base 2) in base 13?
9497
-3232 (base 6) to base 2
-1011100100
What is -12ec (base 15) in base 3?
-12112220
What is -2432 (base 5) in base 16?
-16f
434 (base 9) to base 13
214
What is 1304 (base 11) in base 14?
894
-1545 (base 8) to base 5
-11434
What is -41 (base 5) in base 11?
-1a
-44121 (base 5) to base 7
-11565
What is -13312 (base 4) in base 16?
-1f6
Convert 16290 (base 13) to base 6.
523210
607 (base 8) to base 5
3031
Convert 1e42 (base 15) to base 3.
100000222
Convert -38544 (base 12) to base 8.
-226004
749 (base 10) to base 6
3245
2270 (base 9) to base 2
11010010011
Convert -1042 (base 5) to base 4.
-2103
Convert 1b9 (base 14) to base 10.
359
-43b (base 16) to base 15
-4c3
Convert 16596 (base 10) to base 15.
4db6
What is -5b05 (base 12) in base 16?
-27f5
-a34 (base 12) to base 11
-1126
Convert -5550 (base 6) to base 8.
-2412
523 (base 16) to base 5
20230
Convert -5051 (base 6) to base 5.
-13421
Convert b5c (base 14) to base 7.
6345
-233132 (base 4) to base 9
-4145
336 (base 9) to base 16
114
Convert -1ffd (base 16) to base 8.
-17775
1352 (base 7) to base 13
317
What is -417 (base 10) in base 2?
-110100001
223 (base 6) to base 13
69
What is 97 (base 16) in base 11?
128
Convert 15094 (base 10) to base 9.
22631
What is 1223 (base 4) in base 15?
72
3a98 (base 11) to base 3
21021200
Convert b43 (base 13) to base 15.
879
What is -13fa (base 16) in base 6?
-35402
What is 1311 (base 8) in base 4?
23021
Convert 1da3a (base 14) to base 11.
521a2
What is 10111100010001 (base 2) in base 10?
12049
-41121 (base 7) to base 15
-2e76
545 (base 15) to base 16
4a6
Convert 466 (base 14) to base 10.
874
What is 2103310 (base 4) in base 5?
300320
What is 925 (base 10) in base 12?
651
Convert -4595 (base 11) to base 6.
-43533
-1102112220 (base 3) to base 2
-110110111001000
What is 5062 (base 10) in base 9?
6844
33230 (base 4) to base 13
5c3
What is 4040 (base 7) in base 9?
1825
What is 2132123 (base 4) in base 11?
7688
Convert -13103 (base 5) to base 14.
-536
11011110101 (base 2) to base 16
6f5
What is 10411 (base 6) in base 4?
112213
What is 6215 (base 9) in base 8?
10706
Convert 596 (base 13) to base 15.
448
86c (base 15) to base 6
12450
What is -11120 (base 4) in base 11?
-293
Convert -2200031 (base 4) to base 6.
-115245
What is 21725 (base 11) in base 7?
160541
Convert -159ba (base 15) to base 13.
-25957
-d02d (base 14) to base 15
-a8ad
Convert 15310 (base 6) to base 3.
10102020
b6bd (base 15) to base 2
1001011011111101
-21519 (base 10) to base 4
-11100033
What is -200201211 (base 3) in base 11?
-a296
Convert -4329 (base 13) to base 9.
-13716
What is -21645 (base 12) in base 3?
-2020111222
What is 2002101 (base 4) in base 9?
12383
What is 10101100102 (base 3) in base 2?
10000010000100001
Convert -10396 (base 11) to base 6.
-153541
21020111 (base 3) to base 14
1cd0
3313 (base 4) to base 15
117
What is -323 (base 8) in base 3?
-21211
Convert -310 (base 7) to base 14.
-b0
-410004 (base 5) to base 3
-200000021
Convert 14241 (base 8) to base 16.
18a1
-d1 (base 15) to base 9
-237
8683 (base 10) to base 15
288d
-1011110111110 (base 2) to base 12
-3626
Convert -9210 (base 14) to base 15.
-7687
Convert -1224442 (base 5) to base 10.
-23747
Convert 12286 (base 9) to base 3.
102022220
1258a (base 12) to base 10
25018
What is -22121221 (base 3) in base 11?
-47a8
What is -79 (base 15) in base 12?
-96
What is 42322 (base 9) in base 11?
1a013
What is 10661 (base 16) in base 15?
14d7e
What is -1561 (base 7) in base 16?
-277
Convert 2056 (base 7) to base 6.
3211
What is baf (base 16) in base 8?
5657
-210340 (base 8) to base 15
-15a71
-21131 (base 4) to base 7
-1523
What is -241522 (base 6) in base 16?
-529a
Convert 1b22 (base 16) to base 14.
2762
-4f4 (base 16) to base 15
-598
72 (base 10) to base 15
4c
Convert 18 (base 10) to base 11.
17
7242 (base 8) to base 11
28a6
What is 21407 (base 9) in base 12?
825a
Convert -11037 (base 11) to base 13.
-7399
What is 10221100 (base 3) in base 7?
11241
What is c36 (base 13) in base 7?
6021
Convert -6052 (base 7) to base 11.
-1635
What is 5d91 (base 15) in base 10?
19936
Convert 4453 (base 6) to base 9.
1376
What is -14e (base 15) in base 9?
-362
What is 11320 (base 7) in base 16?
b59
What is -4422 (base 16) in base 8?
-42042
What is -56 (base 11) in base 6?
-141
What is -67a5 (base 11) in base 6?
-105232
What is -332 (base 8) in base 11?
-189
90b (base 13) to base 4
113330
What is 230132 (base 4) in base 15?
c9b
What is 12643 (base 8) in base 14?
2039
1323143 (base 5) to base 16
6831
What is -940a (base 13) in base 12?
-ba0b
-747 (base 14) to base 5
-21220
c9b (base 16) to base 6
22535
34343 (base 5) to base 11
1949
What is -12201010 (base 3) in base 16?
-1041
What is -1220 (base 9) in base 15?
-409
What is -41314 (base 10) in base 12?
-1baaa
What is 2510 (base 9) in base 5?
24442
Convert -19de (base 16) to base 11.
-4a80
Convert 16518 (base 9) to base 16.
2c5d
What is -12012200 (base 3) in base 16?
-ed6
Convert -241134 (base 5) to base 15.
-2999
1363 (base 10) to base 7
3655
What is -262 (base 13) in base 5?
-3133
What is -5814 (base 10) in base 16?
-16b6
What is 2203 (base 5) in base 13?
1a4
Convert -276 (base 12) to base 10.
-378
-3029 (base 13) to base 12
-3a02
1010101000111 (base 2) to base 15
1932
Convert 101110101 (base 2) to base 6.
1421
Convert 142333 (base 6) to base 5.
413041
-31fc (base 16) to base 9
-18487
5637 (base 10) to base 15
1a0c
-d1ca (base 14) to base 11
-2509a
Convert 110110011001 (base 2) to base 16.
d99
What is -45a (base 11) in base 8?
-1045
a96 (base 11) to base 12
917
Convert 1110110 (base 3) to base 5.
13230
Convert 100022010 (base 3) to base 2.
1101001111100
What is -1010021110 (base 3) in base 16?
-5637
-35100 (base 7) to base 2
-10001100000111
1a16 (base 11) to base 12
1592
What is 43706 (base 9) in base 2?
111000101001100
b21 (base 12) to base 8
3111
6d6 (base 15) to base 14
7cb
What is -21646 (base 8) in base 13?
-4200
-814 (base 16) to base 13
-c31
54515 (base 6) to base 8
16557
What is 894 (base 14) in base 3?
2022220
What is -847 (base 15) in base 13?
-b08
What is -8bc4 (base 13) in base 4?
-10302023
Convert 20041 (base 7) to base 10.
4831
What is b94 (base 16) in base 12?
1870
Convert 1321301 (base 5) to base 8.
63523
What is -31550 (base 7) in base 12?
-4642
3622 (base 11) to base 3
20111200
What is 1001000001101 (base 2) in base 11?
3521
3660 (base 11) to base 12
2929
What is -1231 (base 6) in base 12?
-217
122122 (base 7) to base 11
15888
45866 (base 11) to base 7
364114
302543 (base 7) to base 2
1100100010110111
What is 1111 (base 3) in base 12?
34
-5105 (base 6) to base 8
-2141
Convert -8682 (base 11) to base 15.
-35e4
What is -110010100011 (base 2) in base 5?
-100420
What is -8161 (base 13) in base 12?
-a394
a93 (base 12) to base 7
4344
Convert 101058 (base 9) to base 5.
3403311
What is 2202021 (base 3) in base 12?
11b1
Convert 9b1 (base 15) to base 8.
4217
-4b2 (base 15) to base 3
-1110112
546 (base 14) to base 6
4454
Convert b65 (base 16) to base 15.
ce7
What is 201202212 (base 3) in base 4?
3201032
Convert -30a (base 11) to base 7.
-1042
136 (base 16) to base 7
622
Convert -101111111 (base 2) to base 13.
-236
What is -14402 (base 8) in base 7?
-24444
1312334 (base 5) to base 16
6571
What is 5d1 (base 14) in base 2?
10010001011
Convert 10153 (base 6) to base 14.
6d7
Convert -22202 (base 3) to base 8.
-354
What is 3538 (base 15) in base 13?
51b6
1880 (base 9) to base 10
1449
What is -1439 (base 15) in base 2?
-1000011101001
Convert 7c6 (base 13) to base 14.
6c1
a1dd (base 14) to base 16
6cb7
What is -1335 (base 7) in base 4?
-20010
-40236 (base 7) to base 3
-111100100
What is 202341 (base 5) in base 12?
3998
What is -200205 (base 6) in base 4?
-3310031
-2289 (base 11) to base 15
-d51
What is 605c (base 14) in base 8?
40242
Convert -100